 What is the units digit of d?
6
Let s(x) = -231*x - 9. Let i be s(-5). Suppose 0 = r - 4*p - 1240, 0 = 2*r + 2*p - i - 1314. What is the hundreds digit of r?
2
Suppose -f + 17*f + 47*f - 40635 = 0. What is the tens digit of f?
4
What is the units digit of (-24734)/(-14) - (-140)/490?
7
Suppose s + 176*x = 179*x + 5168, 2*x = 2*s - 10332. What is the hundreds digit of s?
1
What is the hundreds digit of (44795 + -2)/1 - (-328 - -334)?
7
Let f(t) = -2*t**2 - 12*t - 14. Suppose 0 = 4*o - 57 + 77. Let i be f(o). What is the units digit of (6/i)/((-1350)/(-456) + -3)?
8
Suppose -29 - 3 = -8*q. Let p(o) = 12*o**2 + 16*o**3 - 35*o**3 + 5*o - 7 - q + 18*o**3. What is the tens digit of p(12)?
4
Suppose 56239 = 2*q + 3*c, 237*q + 5*c = 233*q + 112479. What is the tens digit of q?
2
Let m = -1319 - -1314. Let p(z) be the first derivative of z**4/4 + 4*z**3 - 9*z - 1. What is the units digit of p(m)?
6
Suppose -12*a = -12 + 60. What is the hundreds digit of 209 + (a/4 - -2)?
2
Let z = 5397 - 2302. Suppose -p + 4*b + 701 - 67 = 0, 0 = -5*p - 5*b + z. What is the tens digit of p?
2
Suppose 3*z + 6415 = 5*r + 93, 10530 = -5*z + 5*r. Let l = -1136 - z. What is the units digit of l?
8
What is the ten thousands digit of 3455270/140 - (3/2)/(1*-3)?
2
Suppose 0 = -27*m + 12*m - 1755. Let u = 410 + m. What is the tens digit of u?
9
Suppose -3*q = -l - 1, -5*l - 7 = 3*q - 2. Suppose -8 = -2*z - q. Suppose -g + 523 = 4*a + z*g, -3*a + 5*g = -436. What is the units digit of a?
7
Suppose 26835 = 2*s - 4*g - 32307, 19*s - 5*g - 561816 = 0. What is the hundreds digit of s?
5
Let q(v) = -v**3 - 9*v**2 - 5*v + 1. Suppose 0 + 366 = 6*z. Suppose -58*h = -z*h - 30. What is the hundreds digit of q(h)?
1
Let o(b) = 113*b**2 - 17*b - 613. What is the hundreds digit of o(-19)?
5
Let i = 7594 + 6677. What is the ten thousands digit of i?
1
Suppose -17*h - 2620 = -13*h. Let c = 262 - h. What is the hundreds digit of c?
9
Let h(u) = -2*u + 15. Suppose -5*f + 305 = -2*l, -3*f - l + 89 + 105 = 0. Let q be f/7 + 1 + -4. What is the units digit of h(q)?
3
Suppose -8*b + 143 - 103 = 0. Suppose 3996 = 5*g + 4*c + 502, -g + 703 = b*c. What is the hundreds digit of g?
6
Suppose 3*x - 67*n - 17745 = -64*n, 2*n + 29581 = 5*x. What is the tens digit of x?
1
Let n = -5655 + 15338. What is the tens digit of n?
8
Let w(y) = y**2 + 3. Suppose 20*k = 23*k. Let b be w(k). What is the units digit of 148/b - (-1 + 12/9)?
9
Let b(y) = 2*y**2 - y + 42. Let d be b(0). Suppose -6*w - w = -d. Suppose w*q = -2*i + 4*q + 398, -214 = -i - 4*q. What is the tens digit of i?
9
Let i = 24 - -27. Suppose 86*d - 89*d + 9 = 0. Suppose 12 - i = -d*z. What is the tens digit of z?
1
Let k(y) = 4*y - 10. Let m be k(2). What is the hundreds digit of 562 + (m/(-4))/((-3)/6)?
5
Let k = -6198 + 6244. Let d be (-164)/(-6) + 2/3. Let g = d + k. What is the units digit of g?
4
Suppose -46 = -4*v + 5*m, -2*v - 4*m = -3*v + 6. Let r(j) = 26*j + 89. What is the units digit of r(v)?
3
Let t(w) = -7*w + 52. Let x be t(-5). Let s be 5/3 - (-2)/6. Suppose -2*r - x = -f, -3*r + 272 = 3*f + s*r. What is the units digit of f?
9
Let l be -10 + 6 + 2812*7. What is the tens digit of 1/((-26225)/l - 4/(-3))?
1
Let a(b) = -7*b**3 - 31*b**2 + 17*b - 10. Let v(m) = -11*m**3 - 47*m**2 + 26*m - 15. Let u(f) = -8*a(f) + 5*v(f). What is the hundreds digit of u(-7)?
3
Suppose 36*o - 290007 = 20745. What is the thousands digit of o?
8
Suppose 3*h + 48 = 12. Let u(f) = f**3 + 14*f**2 + 12*f - 8. What is the tens digit of u(h)?
3
Suppose -3*v = -2*v + 80. Let k = -301 - -62. Let g = v - k. What is the units digit of g?
9
What is the hundreds digit of (-35748)/135*(-16 + 3 + 3)?
6
Let z(k) = 614*k**2 - 195*k - 7. What is the tens digit of z(-4)?
9
Let r = -517 + 534. Suppose 8*f - 81 = -r. What is the units digit of f?
8
Let u(h) = -2*h - 6. Let n = 28 + 32. Suppose -3*w + n = -8*w. What is the tens digit of u(w)?
1
Let v be 3/(-21) - 232/(-56). Suppose -y + v*x - 11 = -0*y, 5*x = y + 15. Suppose y*p - 565 = -2*t - 3*t, 3*t = -p + 343. What is the units digit of t?
5
Let c(u) = 5 - 23*u + 12 - 7. Let g be c(-3). Suppose x - g = 2*q, -x + 0*q + 5*q = -70. What is the tens digit of x?
8
Let s = 3997 + -2755. What is the hundreds digit of 1/(-4 - (-4971)/s)?
4
Let c be (-10)/(-55) + (-6453)/99. What is the hundreds digit of 2/10 + (-69862)/c?
0
Let r = 0 - -10. Let u be 66 + 0 - 3 - 3. Suppose -5*c = -r*c + u. What is the units digit of c?
2
Let q = -2305 + 1646. Let j = q + 1193. What is the units digit of j?
4
Let v(r) = -r**3 - 40*r**2 - 157*r + 146. What is the units digit of v(-50)?
6
Let v(n) be the first derivative of n**3/3 + n**2 - n + 39. Let l be v(-3). Suppose -l*r - r + 1158 = 5*p, 4*p - 932 = -r. What is the tens digit of p?
3
Suppose 72042 = 2*i - 99*r + 100*r, 0 = r - 6. What is the ten thousands digit of i?
3
Suppose 82*p - 62888 = -34182 + 99870. What is the tens digit of p?
6
Let m(j) = -29*j - 3. Let b(r) = 30*r + 2. Let h(d) = d**2 + 2*d - 7. Let t be h(-3). Let i(o) = t*m(o) - 3*b(o). What is the hundreds digit of i(4)?
1
Let c(q) = 3*q**3 - 4*q**2 - 2. Let d be c(2). Suppose -d*t - 1356 = -12*t. What is the units digit of t?
6
Let p(i) = 6*i + 37. Let m(t) = t - 2. Let f be m(5). Suppose -f*c - 5*k + 57 = -0*k, 3*c = -4*k + 54. What is the hundreds digit of p(c)?
1
Suppose 3*k = -114 - 102. What is the units digit of -2*13005/k + 1/(-4)?
1
Suppose -5*s = 2*z - 33, 4*s + 4*z = -s + 41. Suppose -2*f - 3*f = -s. What is the tens digit of 3/(f/65*5)?
3
Let x(a) = 139*a - 4053. What is the hundreds digit of x(32)?
3
Suppose 0*i = -i + g + 78, -4*g = -3*i + 229. Suppose 0 = -i*v + 82*v + 133. What is the units digit of v?
3
Suppose 2*f + 38489 = 5*w + 1581, -30 = -5*f. What is the thousands digit of w?
7
Let d be (-2)/(8/(-102))*126/189. Suppose 0 = d*p - 8872 - 11052. What is the units digit of p?
2
What is the thousands digit of (4 - 76*5/80)*698840/(-30)?
7
Let b(t) = -t**2 + 7*t + 4. Let w be b(7). Let r(o) = 15*o**2 - 6*o. Let s be r(5). Suppose -f + s = w*f. What is the units digit of f?
9
Let t(h) = h**2 + 40*h + 177. Let f be t(-35). Suppose 2*p = -5*y + 749, -15*y + 11*y = -f*p + 776. What is the tens digit of p?
8
Let f be 6*(-14)/28*8324/(-6). Suppose -2*m + f = 4*b, -b - 4*m = -930 - 100. What is the hundreds digit of b?
0
Let a be 35/21 + (-5)/(-15). Suppose -8*i + 1584 = -a*i. What is the hundreds digit of i?
2
Suppose -4*u = 3*h - 2990, 18*h - 14*h - 2246 = -3*u. What is the tens digit of u?
4
Let d be 44733/(-143) + (-4)/22. Let u = d - -480. What is the units digit of u?
7
Suppose 14 = -14*l + 7*l. Let m be -1 - (-20)/8*l. What is the tens digit of (-1257)/m - (-1)/(-2)?
0
Suppose 4*u - 695 = 5*g - u, 3*u - 15 = 0. Let s be ((-26)/52)/(1/g). Let h = 231 + s. What is the hundreds digit of h?
2
Let r = -385 + 397. Suppose -10*d - 5*o - 1069 = -r*d, o + 1610 = 3*d. What is the tens digit of d?
3
Let h(a) = 4*a**3 + 5*a**2 - 2*a - 4. Let v be h(-5). Let u = 15 - v. What is the hundreds digit of u?
3
Suppose -4*d + 13 + 11 = 0. Let u be (d/9)/((-1)/(-3)). What is the units digit of 36/3*(u + 2)?
8
Let n be -7*3*(-3)/9. Let i(c) = -3*c - 4*c**2 + 7 + 5*c**2 + c**2 - 2*c. What is the units digit of i(n)?
0
Let z = -81 - -94. Suppose 6*p = z*p - 4886. What is the tens digit of p?
9
Suppose -6*j + 1038 = -0*j. Let u = 116 + j. What is the hundreds digit of u?
2
Let s(c) = c**2 - 5*c - 30. Let o be s(9). What is the units digit of 66*((-152)/(-20))/(o/5)?
8
Suppose -29 + 44 = -3*d. Let v be 11 + (24 - 4)/d. Suppose -v*q + 10*q = 162. What is the units digit of q?
4
Suppose -5*b = 5*j + 270, 0 = 4*b - b + j + 162. Let y = -50 - b. What is the tens digit of y + (-1 - -94)*1?
9
Let h = 655 + -430. Suppose -2*a = -2*j - 412, 2*a - h = -4*j + 199. Let x = 291 - a. What is the tens digit of x?
8
Let r(d) = 24*d - 19 - d**3 + 1 + 5*d - 1 + 22*d**2. What is the tens digit of r(23)?
1
Let z = -71 + -59. Suppose -2315*q = -2321*q + 1296. Let h = q + z. What is the units digit of h?
6
Let p(j) = -3*j - 22. Let n be p(-8). Let t(m) = 8*m**3 + 4*m**3 - 3*m**n + 1 - 2*m**3. What is the tens digit of t(2)?
6
Let u = 69 + -67. Suppose d = n + 9 - u, -3*d - n + 5 = 0. Suppose 5*s = 2*s - 4*t + 340, -d*s - 5*t + 335 = 0. What is the hundreds d